- 553. What is the hundreds digit of o(4)?
5
Suppose 1338740 = -129768*s + 129788*s. What is the hundreds digit of s?
9
Let t = -1036 - -694. Let i = 485 + t. What is the hundreds digit of i?
1
Let f = 12356 + -3252. What is the thousands digit of f?
9
Suppose -5*c = 4*z + 2, -2*c - 3*z = -3 + 1. Let d(k) be the third derivative of 9*k**5/20 + 7*k**4/24 + 154*k**2. What is the units digit of d(c)?
4
Suppose -4*d = 16, d - 37 = -2*b + 31. Let p be b/54 + 14/6. Suppose -p*l + 0*l + 15 = 0, -4*g = l - 233. What is the units digit of g?
7
Let u = -1697 - -12008. What is the hundreds digit of u?
3
Suppose -2783 = -2*o + 5*v, -2*o + 4*v = -3896 + 1116. Suppose -77*d = -75*d - o. What is the hundreds digit of d?
6
What is the units digit of 5910/(-270) - -22 - 428542/(-18)?
8
Let b(s) = -35*s**2 - s. Let o be b(1). Let k be (-54)/(-8) - 9/o. Let m(t) = 7*t + 7. What is the tens digit of m(k)?
5
What is the tens digit of 239286/9 - (75/(-45))/1?
8
Let b be 3 + (-259)/(-7)*(0 - 8). Let v = b - -434. Let p = -76 + v. What is the tens digit of p?
6
Let u(r) be the third derivative of r**6/120 + 11*r**5/60 - 11*r**4/24 - 13*r**3/6 - 21*r**2 - 2*r. What is the units digit of u(-6)?
3
Suppose -7*w - 171 = -4*w. Let g = -54 - w. Suppose -g*q = -4*t + 791, -4*t = -2*q - 0*q - 786. What is the hundreds digit of t?
1
Suppose 16*g - 48 = 10*g. What is the tens digit of (-32060)/(-21) + (g/(-3) - -2)?
2
What is the hundreds digit of (-20)/((-80)/28) - -11861?
8
What is the tens digit of 1553174/304 - (0 + 2/16) - -7?
1
Suppose 2*n - 2*h + 166 = 920, -1509 = -4*n + 5*h. Let l = n - -251. What is the hundreds digit of l?
6
Let i(u) = 2*u**2 - 2*u + 27 + 17*u - 7. Let n be i(-6). Suppose -150 = -h + g, 5*h - 450 = n*h - 4*g. What is the tens digit of h?
5
Suppose 33*d = 15*d + 306. Suppose 7*j = d*j - 6480. What is the tens digit of j?
4
What is the units digit of 1/7 - (-3 - 208763)/(18 + -4)?
2
Let r = -42 + 40. Let s be (18/r)/(9/(-261)). Suppose -f = -5*a - 105, -2*a - 379 - s = -5*f. What is the units digit of f?
0
Suppose -11*h = -6*h - 90. Suppose h - 6 = -5*u - y, u - 3*y = -12. What is the tens digit of u/(-1)*34/3?
3
Suppose -3*h = 12*h - 79950. Suppose -6*j - h = -5*m - j, 5*j + 15 = 0. What is the tens digit of m?
6
Suppose 151*w + 122309 = 155*w - h, -4*w + 122297 = -5*h. What is the tens digit of w?
7
What is the units digit of (-1315)/(-1) - 11361/541?
4
Let s(a) = 80932*a**2 + 48*a - 48. What is the tens digit of s(1)?
3
Suppose -7*r + 3147 = -3*r + 5*d, -2*d + 786 = r. Suppose -3*f - r = -2948. What is the tens digit of f?
2
Let d be (9/6)/(-3*1/(-8)). Suppose 5*k - 7 = -u, -k - d*k = -5. Suppose -u*w + 278 = r - 2*r, 0 = -2*w - r + 270. What is the tens digit of w?
3
Let g(p) = -2*p**3 - 18*p**2 + 7*p - 9. Let h be g(-8). Let i = 468 + h. What is the tens digit of i?
7
Let r be 2 + (-8 - -2) - 21. Let i = 283 - r. What is the hundreds digit of i?
3
Let z be 11/1 - (-46)/46. Suppose z*t - 2732 - 4120 = 0. What is the units digit of t?
1
Suppose n - 48 = -2*n. Let t be 7*(n/(-4) + 5). Suppose -o - 4*g + 95 = 0, t*o - 475 = 2*o + g. What is the units digit of o?
5
Let o(m) = -m**3 - 21*m**2 + 47*m + 25. Let g be o(-23). Suppose -2*s - u + 88 = -63, g*s = 4*u + 136. What is the tens digit of s?
7
Suppose -2*w + 2*b = -1210, 5*w + 3*b - 2*b - 3013 = 0. Suppose -3*z + 3*s + 907 = 8*s, 2*z = -5*s + w. What is the units digit of z?
4
Suppose -2*f - 8 = t + 3*t, -2*t = -5*f + 28. What is the units digit of 5 - f - (-425 - -4)?
2
Suppose -14*o + 13*o + 28 = 0. Let m(l) = 7*l + 76. What is the tens digit of m(o)?
7
Let l = 20 - 18. What is the tens digit of (-7)/((-126)/(-9)) + 1561/l?
8
Let y(c) = 17*c**2 - 35*c + 15. Let z be y(6). What is the hundreds digit of 25/5 + z + -4?
4
Let i(l) = -l**3 + 18*l**2 + 27*l + 26. Let n be i(19). Suppose -n = -5*o + 3*o. What is the tens digit of o?
8
Let p = 16475 + 12963. What is the thousands digit of p?
9
Let g be 8/(-40)*(0 + -15). Suppose 6 = -g*w - 0, 16 = 4*j - 2*w. Suppose 0 = -j*h - 4*h + 91. What is the tens digit of h?
1
What is the tens digit of (-145)/((-2)/(25 - 13))?
7
Suppose -15*x + 36*x = 29*x - 127296. What is the thousands digit of x?
5
Let m(s) be the second derivative of s**4/12 + 13*s**3/6 - 33*s**2/2 - 55*s. What is the units digit of m(-26)?
5
Let q be (1 + 1 + 0)*-3*(-4)/(-6). Let b(k) be the third derivative of -k**6/60 - k**5/30 + k**4/8 + k**3/2 - k**2. What is the tens digit of b(q)?
8
Let m(b) be the third derivative of 7*b**4/12 + 15*b**3/2 - b**2 - 131. Let i(o) = 3*o - 9. Let u be i(7). What is the tens digit of m(u)?
1
What is the tens digit of (-11273 + -4)/(0 + 3 - 4)?
7
Suppose 66*x - 70*x = -12. Suppose 3*q = -3, -3085 = i - 5*i - x*q. What is the units digit of i?
2
Suppose 19320 = 130*i - 102*i. What is the hundreds digit of i?
6
Let h(w) be the second derivative of -w**4/12 - 3*w**3 - 4*w**2 - w. Let g(j) be the first derivative of h(j). What is the tens digit of g(-22)?
2
Let o = 1711 + -1076. Let a = -65 + o. Suppose 3*z + 4*m - 3*m - 342 = 0, -5*z = 3*m - a. What is the tens digit of z?
1
Let f be 3 + ((-9486)/21)/((-7)/49). Let j = f - 2179. What is the tens digit of j?
8
Suppose 0*f = 10*f - 40. What is the tens digit of (1 + 1)*892*f/32?
2
Let j = 616 - 613. Let c(x) = 93*x - 18. Let g(h) = -92*h + 17. Let o(t) = -4*c(t) - 5*g(t). What is the hundreds digit of o(j)?
2
Let k(x) = 2*x**2 + 16*x - 38. Let p be k(-10). Let d(r) = 32*r**3 + 4*r**2 - 10*r + 2. What is the hundreds digit of d(p)?
2
Suppose -2*g = 4*z - 554, -2*z - 8*g + 281 = -3*g. Suppose 920 - z = 2*c. What is the units digit of c?
1
Suppose -27496 = 5*d + 4*w - w, -d - 5490 = -4*w. What is the units digit of d/(-14) + (96/42)/8?
3
Suppose -6*p - 3547492 = 11*p - 69*p. What is the tens digit of p?
2
Suppose 5*y - 20 = 5*n, 3*n + n = 4. Suppose -x + s - 457 = -2*x, 2*x - y*s - 935 = 0. Suppose 0 = -4*h + 56 + x. What is the units digit of h?
9
Suppose 23*f = -8*f. Let d(w) = 7*w + 563. What is the units digit of d(f)?
3
Let g = -158 - -285. Suppose -g*y = -128*y + 150. What is the hundreds digit of y?
1
What is the tens digit of 140/15*256/(-8)*-45?
4
Let g(n) = 14*n - 113. Let j(m) = 5*m - 38. Let h(p) = -3*g(p) + 8*j(p). Let t be h(14). Suppose -12*z = -t*z - 350. What is the tens digit of z?
7
Suppose -c = 2*x - 775, 3*c + 4*x - 3104 = -c. Suppose 2*w + 6*j - c = 9*j, 0 = -4*w + 4*j + 1564. What is the hundreds digit of w?
3
Let g(d) = -d**2 + 8*d. Let p be g(6). Suppose -41*o + 59 = -64. What is the tens digit of 30*o/p*(-66)/(-5)?
9
Let h(a) = 5*a**3 - 2*a**2 + 5*a - 2. Let p be h(3). Let r = p + -184. What is the tens digit of -3*1/(-3) - (r - -3)?
5
Let k be (-3 - (-6 - -4))*-3. Suppose -k*g + 0 + 10 = 5*z, -z - 6 = -g. Suppose 3*b = -f + 121, -608 - 54 = -g*f + 4*b. What is the hundreds digit of f?
1
What is the ten thousands digit of (726 - -1)*(-1056)/(-66)?
1
Let v be (-2)/(-2 - -4) + 64. Let l = 51 - 91. Let u = l + v. What is the tens digit of u?
2
Suppose -5*y = -2*h - 3325, -4*h - 169 - 496 = -y. Let z = y - 439. What is the tens digit of z?
2
Suppose 4*b = -17*b + 177366. What is the thousands digit of b?
8
Suppose -36*f - 5513 = 3127. What is the thousands digit of (20 - -43)*f/(-14)?
1
Let o be (-247)/(-39) + 2/3. Let h = o + -2. Let d(n) = -n**3 + 7*n**2 - 9*n + 14. What is the units digit of d(h)?
9
Suppose o - 53*b + 48*b - 33222 = 0, -6 = b. What is the thousands digit of o?
3
Suppose -129421 - 88883 = -32*g. What is the thousands digit of g?
6
Let j = -272 + 327. Let n = 55 + j. What is the tens digit of n?
1
Let l(s) = -3*s - 4. Let b be l(5). Let o = 19 + b. Suppose o = -3*u + 5*u - 18. What is the units digit of u?
9
Suppose 0 = 3*m + 2*m - 4*q - 27016, 2*m + q = 10822. What is the tens digit of m?
0
Let r(y) = 170*y - 1 + 1 - 169*y + 43*y**2 + 8. What is the tens digit of r(-2)?
7
Suppose 4*z + r = -6, -4*z + 4*r = 3*r + 2. What is the units digit of 8385/(-78)*(4*z - -2)?
5
Let k(t) = 85*t - 1716. What is the tens digit of k(37)?
2
Suppose 4*j - 63 + 19 = -3*p, -5*p - 3*j = -55. Let f be (-1 + (4 - 28/p))*-4. What is the units digit of ((-1)/((-2)/94))/(1/f)?
4
Let n = 25504 - 16541. What is the tens digit of n?
6
Let b be 2435 + (0 + 20/(-5) - -5). Suppose -209*c + 202*c = -b. W